74?
87
What is the greatest common divisor of 340 and 3825?
85
Calculate the highest common factor of 121 and 44.
11
What is the greatest common divisor of 688 and 129?
43
What is the highest common divisor of 2511 and 31?
31
What is the highest common divisor of 16752 and 4?
4
What is the highest common factor of 5 and 4?
1
Calculate the highest common factor of 26 and 234.
26
What is the greatest common factor of 102 and 442?
34
What is the highest common divisor of 6634 and 62?
62
What is the highest common factor of 86 and 5117?
43
Calculate the highest common factor of 1413 and 3.
3
Calculate the greatest common factor of 27648 and 16.
16
What is the highest common divisor of 16 and 2608?
16
What is the highest common factor of 11 and 5830?
11
Calculate the highest common divisor of 40 and 620.
20
Calculate the greatest common factor of 1328 and 166.
166
Calculate the greatest common factor of 52 and 247.
13
What is the greatest common divisor of 380 and 285?
95
Calculate the greatest common divisor of 252 and 196.
28
Calculate the highest common divisor of 1615 and 10013.
323
Calculate the greatest common divisor of 72 and 90.
18
Calculate the greatest common divisor of 144 and 396.
36
Calculate the highest common divisor of 57 and 209.
19
What is the greatest common factor of 12 and 1983?
3
What is the highest common factor of 83 and 29?
1
What is the highest common factor of 2544 and 2703?
159
What is the greatest common factor of 3471 and 156?
39
Calculate the highest common divisor of 27 and 6.
3
What is the greatest common divisor of 32 and 44?
4
Calculate the greatest common factor of 74320 and 16.
16
Calculate the highest common factor of 24 and 8416.
8
What is the greatest common divisor of 72 and 2256?
24
What is the greatest common factor of 84 and 3918?
6
Calculate the highest common factor of 72 and 1332.
36
What is the highest common factor of 870 and 3074?
58
What is the greatest common divisor of 60 and 144?
12
Calculate the highest common divisor of 42 and 49.
7
What is the highest common divisor of 18 and 6435?
9
Calculate the highest common factor of 12 and 64.
4
Calculate the greatest common factor of 75 and 225.
75
What is the greatest common divisor of 35 and 185?
5
What is the greatest common factor of 5 and 145?
5
What is the highest common factor of 144 and 108?
36
Calculate the greatest common factor of 7505 and 95.
95
What is the highest common factor of 4563 and 54?
27
What is the greatest common factor of 177 and 10325?
59
Calculate the highest common divisor of 7512 and 4.
4
Calculate the highest common factor of 70940 and 20.
20
Calculate the highest common factor of 5 and 2390.
5
Calculate the highest common divisor of 996 and 132.
12
Calculate the greatest common factor of 64 and 1216.
64
Calculate the greatest common factor of 90 and 410.
10
Calculate the greatest common divisor of 88 and 220.
44
Calculate the highest common factor of 22 and 11.
11
What is the greatest common factor of 18 and 2280?
6
What is the greatest common factor of 56 and 2296?
56
What is the greatest common divisor of 1328 and 16?
16
Calculate the greatest common divisor of 5 and 72.
1
What is the highest common divisor of 444 and 36?
12
What is the highest common divisor of 115 and 207?
23
Calculate the greatest common factor of 825 and 11880.
165
Calculate the greatest common factor of 1104 and 161.
23
What is the highest common factor of 594 and 162?
54
Calculate the highest common factor of 12 and 96.
12
What is the highest common divisor of 36 and 6984?
36
Calculate the highest common factor of 513 and 3.
3
What is the greatest common factor of 3465 and 15?
15
What is the highest common factor of 1080 and 1580?
20
What is the greatest common factor of 2499 and 42?
21
Calculate the highest common factor of 26 and 65.
13
Calculate the highest common factor of 2 and 454.
2
Calculate the greatest common divisor of 33 and 13761.
33
Calculate the highest common factor of 1084 and 88.
4
What is the greatest common factor of 9409 and 291?
97
What is the highest common divisor of 324 and 36?
36
Calculate the highest common divisor of 6958 and 98.
98
What is the greatest common factor of 1749 and 2703?
159
What is the highest common divisor of 17 and 238?
17
Calculate the highest common divisor of 9 and 42.
3
Calculate the highest common divisor of 45 and 40.
5
Calculate the highest common divisor of 56 and 238.
14
What is the greatest common divisor of 948 and 24?
12
Calculate the highest common factor of 780 and 39.
39
What is the highest common factor of 6240 and 195?
195
Calculate the greatest common divisor of 952 and 42.
14
Calculate the greatest common divisor of 30 and 240.
30
What is the greatest common divisor of 70 and 160?
10
What is the highest common divisor of 11 and 16709?
11
Calculate the highest common factor of 23 and 115.
23
What is the highest common divisor of 36 and 192?
12
What is the greatest common divisor of 14 and 844?
2
Calculate the highest common divisor of 252 and 2502.
18
Calculate the highest common divisor of 11685 and 57.
57
What is the greatest common factor of 4 and 178?
2
Calculate the highest common divisor of 315 and 1197.
63
What is the greatest common divisor of 207 and 9591?
69
Calculate the greatest common divisor of 13 and 2.
1
Calculate the highest common divisor of 32209 and 31.
31
Calculate the highest common divisor of 22450 and 100.
50
What is the greatest common factor of 280 and 105?
35
Calculate the highest common factor of 518 and 296.
74
Calculate the highest common factor of 360 and 40.
40
What is the greatest common divisor of 7976 and 8?
8
What is the greatest common factor of 183 and 305?
61
Calculate the highest common divisor of 1872 and 54.
18
Calculate the greatest common factor of 80 and 360.
40
Calculate the highest common factor of 57 and 435.
3
Calculate the highest common divisor of 855 and 90.
45
What is the greatest common factor of 792 and 176?
88
What is the highest common divisor of 840 and 1080?
120
What is the greatest common factor of 734 and 16?
2
What is the highest common divisor of 51 and 3111?
51
Calculate the highest common divisor of 92 and 724.
4
Calculate the greatest common divisor of 4165 and 35.
35
Calculate the highest common divisor of 19 and 4.
1
Calculate the highest common factor of 63 and 9.
9
What is the greatest common divisor of 448 and 320?
64
What is the greatest common divisor of 18 and 534?
6
Calculate the greatest common divisor of 22 and 176.
22
What is the greatest common factor of 3234 and 616?
154
Calculate the highest common divisor of 189 and 1008.
63
What is the greatest common factor of 406 and 116?
58
What is the greatest common factor of 55 and 121?
11
What is the greatest common factor of 256 and 16?
16
Calculate the highest common divisor of 1875 and 15.
15
Calculate the highest common factor of 54 and 3429.
27
Calculate the highest common divisor of 144 and 816.
48
Calculate the highest common divisor of 5904 and 123.
123
What is the highest common factor of 952 and 119?
119
Calculate the greatest common divisor of 3 and 192.
3
What is the highest common factor of 585 and 52?
13
What is the greatest common factor of 2363 and 1112?
139
What is the highest common factor of 39 and 1469?
13
Calculate the highest common divisor of 52 and 52.
52
What is the greatest common divisor of 224 and 574?
14
Calculate the highest common factor of 1155 and 99.
33
What is the greatest common factor of 137 and 2877?
137
What is the highest common factor of 54 and 27?
27
Calculate the greatest common factor of 22737 and 286.
143
Calculate the greatest common factor of 3936 and 336.
48
Calculate the highest common divisor of 737 and 11.
11
What is the greatest common divisor of 392 and 2254?
98
Calculate the greatest common factor of 2624 and 128.
64
Calculate the greatest common divisor of 84 and 413.
7
What is the highest common factor of 38 and 44194?
38
Calculate the highest common divisor of 380 and 4370.
190
Calculate the greatest common factor of 584 and 2993.
73
Calculate the highest common divisor of 7632 and 48.
48
What is the greatest common factor of 350 and 490?
70
Calculate the greatest common factor of 38800 and 97.
97
Cal